rue
Is 2877517873 prime?
True
Is 16640442955 a composite number?
True
Is 479784433 prime?
True
Is 101975579 a composite number?
False
Is 375740683 prime?
True
Is 760077317 a prime number?
True
Is 373494299 composite?
False
Is 5471706533 prime?
True
Is 563046151 composite?
True
Is 171655801 composite?
True
Is 51363661 a prime number?
False
Is 4163797697 prime?
False
Is 280731949 prime?
True
Is 275003987 a prime number?
True
Is 28051601509 a composite number?
True
Is 3872547443 prime?
True
Is 98600637563 prime?
True
Is 6143758609 a prime number?
True
Is 542927977 a prime number?
True
Is 838849931 a prime number?
False
Is 6913336091 prime?
False
Is 794583019 a prime number?
False
Is 2494824113 a composite number?
True
Is 4296664139 a prime number?
False
Is 148948507 a prime number?
False
Is 2867169026 a prime number?
False
Is 1989063457 prime?
True
Is 2571591083 composite?
True
Is 81781473241 a prime number?
False
Is 1704578341 a composite number?
True
Is 66133238021 composite?
False
Is 1150445797 a composite number?
False
Is 175285267 a composite number?
False
Is 678843029 a composite number?
True
Is 1358323099 a composite number?
True
Is 4178207769 a composite number?
True
Is 234093571 a prime number?
False
Is 968008813 a prime number?
True
Is 526719023 a prime number?
False
Is 371363173 a composite number?
True
Is 28996879894 a composite number?
True
Is 3767663869 a composite number?
True
Is 31828408589 a composite number?
False
Is 4959274235 prime?
False
Is 18227614291 a composite number?
False
Is 10193248381 a composite number?
False
Is 59544324313 prime?
False
Is 5197034501 a composite number?
False
Is 46646027 a composite number?
False
Is 297586529 prime?
True
Is 6001055243 a prime number?
False
Is 4034036653 a prime number?
True
Is 116532544769 composite?
True
Is 4958598181 a composite number?
True
Is 761260921 composite?
False
Is 65195041 composite?
True
Is 73664011 a prime number?
False
Is 9116663371 prime?
True
Is 4560089263 a prime number?
True
Is 39724196729 prime?
False
Is 25482449 a prime number?
True
Is 13559441851 a composite number?
True
Is 17691118327 a prime number?
False
Is 3932747677 a composite number?
False
Is 72721966089 a prime number?
False
Is 27236016059 a composite number?
True
Is 3025031389 composite?
True
Is 98333401 prime?
False
Is 1782724829 prime?
True
Is 89908739 a composite number?
False
Is 770352341 a prime number?
False
Is 49046136959 composite?
False
Is 1213018789 a composite number?
False
Is 10480237139 composite?
False
Is 324965077 composite?
True
Is 26112657689 a prime number?
False
Is 10408141157 composite?
True
Is 60799521697 a composite number?
False
Is 1696961171 a prime number?
True
Is 86424632357 a prime number?
False
Is 2365586149 a composite number?
True
Is 5749908509 a prime number?
False
Is 40516409 a composite number?
True
Is 78860143 prime?
True
Is 111842228867 a prime number?
False
Is 11825624607 a prime number?
False
Is 400875473 prime?
True
Is 395935919 a prime number?
False
Is 3376041043 a prime number?
False
Is 71432486159 composite?
False
Is 966277199 composite?
False
Is 86674077767 prime?
True
Is 240885137 prime?
True
Is 284741383 a composite number?
False
Is 196044099281 a prime number?
False
Is 18035187013 composite?
True
Is 82417104041 composite?
True
Is 252987961 prime?
True
Is 111163191163 prime?
False
Is 6550641197 a prime number?
True
Is 407896483 prime?
True
Is 2468757029 a composite number?
True
Is 2400947909 a prime number?
False
Is 383162747 a prime number?
False
Is 42545615549 prime?
True
Is 26097021499 composite?
True
Is 74422823 a composite number?
True
Is 18271756387 composite?
False
Is 3708644521 a composite number?
True
Is 6399694711 a composite number?
False
Is 1739157863 composite?
False
Is 1875326119 composite?
False
Is 35665268689 prime?
True
Is 444104513 prime?
True
Is 5165811283 a composite number?
False
Is 3007518817 composite?
False
Is 50820669917 prime?
False
Is 1507436717 composite?
False
Is 431830349 prime?
True
Is 687735053 a prime number?
False
Is 15485391359 a composite number?
False
Is 49672193377 composite?
False
Is 766313969 a composite number?
False
Is 1787903833 a prime number?
False
Is 9584285519 composite?
False
Is 2687297687 a prime number?
True
Is 60073224203 a prime number?
True
Is 995528441 a prime number?
True
Is 2174368267 a prime number?
False
Is 975567227 a prime number?
True
Is 820934915 a prime number?
False
Is 19045311757 a composite number?
True
Is 963332869 a composite number?
True
Is 1382022587 a composite number?
True
Is 836541841 composite?
False
Is 31071586487 composite?
False
Is 128140694483 prime?
True
Is 3157672789 a composite number?
True
Is 13595932037 a prime number?
False
Is 9900462191 prime?
False
Is 2374262269 a prime number?
False
Is 2216271199 composite?
False
Is 27942528697 composite?
True
Is 9563800099 a composite number?
True
Is 569407583 a prime number?
True
Is 4215535717 a composite number?
True
Is 274001327 prime?
True
Is 538911221 a composite number?
False
Is 29138456029 a composite number?
False
Is 25443500087 composite?
True
Is 4341723131 prime?
False
Is 2562002857 a prime number?
False
Is 103637994311 a prime number?
True
Is 9186343867 a prime number?
False
Is 23451771139 prime?
False
Is 7072720729 prime?
True
Is 71795892127 prime?
True
Is 987446899 composite?
True
Is 5173469306 a prime number?
False
Is 872427463 prime?
False
Is 5342568227 a prime number?
True
Is 405045479 a composite number?
True
Is 190873050977 prime?
False
Is 3944219957 composite?
False
Is 1122783437 a composite number?
True
Is 60162343 composite?
False
Is 1291055659 a composite number?
False
Is 16317272563 a prime number?
True
Is 6135379423 a prime number?
True
Is 291376769 a prime number?
False
Is 33404965589 a composite number?
False
Is 14010382813 composite?
True
Is 85924379 a prime number?
False
Is 886842681 a composite number?
True
Is 438153343 a composite number?
False
Is 29178065369 a prime number?
False
Is 12612664121 prime?
False
Is 1991182763 a composite number?
False
Is 16358224901 a composite number?
True
Is 332719901 a prime number?
True
Is 511054207 composite?
False
Is 3787212811 a prime number?
False
Is 33901198207 prime?
False
Is 5383003009 a composite number?
True
Is 161374932493 composite?
False
Is 752270633 composite?
False
Is 291264539 a composite number?
False
Is 136836701 composite?
False
Is 6423467059 a prime number?
True
Is 444310033 composite?
True
Is 12924352907 composite?
True
Is 914394661 a prime number?
True
Is 257716223 composite?
False
Is 573644681 a composite number?
False
Is 146623400331 a prime number?
False
Is 44548498003 a composite number?
True
Is 279613793 composite?
False
Is 65747649067 composite?
True
Is 207953453 a prime number?
False
Is 110086773 a prime number?
False
Is 7281108509 a composite number?
False
Is 961979353 a prime number?
True
Is 654338771 a prime number?
True
Is 5458731 a prime number?
False
Is 5242713401 a composite number?
False
Is 1692764846 composite?
True
Is 16674072529 composite?
False
Is 3142023499 a prime number?
True
Is 23338242557 a composite number?
True
Is 1707590797 a prime number?
False
Is 8140087931 composite?
False
Is 765609385381 a prime number?
True
Is 2140184191 a composite number?
True
Is 53210295283 a composite number?
True
Is 191309257 a composite number?
False
Is 10315089073 composite?
True
Is 26721145471 composite?
False
Is 4318637663 prime?
False
Is 5983946363 a composite number?
True
Is 266627148847 prime?
True
Is 1438088711 composite?
False
Is 1577914901 a composite number?
False
Is 606096971 a composite number?
True
Is 5863004507 prime?
True
Is 47979743345 a composite number?
True
Is 3817169729 a prime number?
True
Is 952073729 composite?
True
Is 4684464742 prime?
False
Is 72530392097 a prime number?
False
Is 54281511719 a prime number?
False
Is 584493563 prime?
True
Is 586127351 a composite number?
True
Is 1569294241 a prime number?
True
Is 12842010397 prime?
False
Is 985170647 composite?
True
Is 31850014613 prime?
True
Is 4720569499 prime?
True
Is 478242629 a prime number?
True
Is 159402431 composite?
True
Is 1160632609 a composite number?
True
Is 19005059 prime?
True
Is 27308455019 prime?
False
Is 16906138111 a composite number?
False
Is 221767033 pr